 hundred thousands digit of 71905494?
9
What is the units digit of 31528266?
6
What is the thousands digit of 1652885811?
5
What is the hundreds digit of 5968074535?
5
What is the tens digit of 3200370?
7
What is the tens digit of 171492535?
3
What is the hundreds digit of 766545715?
7
What is the tens digit of 114661410?
1
What is the ten thousands digit of 1354801792?
0
What is the millions digit of 26407654?
6
What is the units digit of 27623067?
7
What is the tens digit of 8939346?
4
What is the ten thousands digit of 33776826?
7
What is the millions digit of 714719870?
4
What is the ten thousands digit of 14855711?
5
What is the hundred thousands digit of 867178661?
1
What is the thousands digit of 34057344?
7
What is the hundreds digit of 2142602948?
9
What is the hundred thousands digit of 22188782?
1
What is the hundred thousands digit of 156772918?
7
What is the tens digit of 56132598?
9
What is the ten thousands digit of 350630896?
3
What is the hundred millions digit of 2433632168?
4
What is the hundreds digit of 865813626?
6
What is the ten thousands digit of 3051790005?
9
What is the millions digit of 328880962?
8
What is the millions digit of 123869662?
3
What is the hundreds digit of 233064445?
4
What is the ten thousands digit of 14652029?
5
What is the hundred thousands digit of 322090090?
0
What is the hundreds digit of 175538718?
7
What is the ten thousands digit of 178649069?
4
What is the ten thousands digit of 85846774?
4
What is the ten thousands digit of 1900776577?
7
What is the billions digit of 1319947946?
1
What is the millions digit of 17216931?
7
What is the tens digit of 68179301?
0
What is the hundreds digit of 377253173?
1
What is the ten thousands digit of 120312380?
1
What is the units digit of 432802854?
4
What is the ten millions digit of 31275979?
3
What is the ten millions digit of 3270000401?
7
What is the thousands digit of 864746305?
6
What is the thousands digit of 305385660?
5
What is the hundred thousands digit of 27232241?
2
What is the millions digit of 2643040851?
3
What is the hundred millions digit of 3484557521?
4
What is the millions digit of 65632448?
5
What is the hundred millions digit of 172493018?
1
What is the tens digit of 1178361530?
3
What is the millions digit of 152983531?
2
What is the ten thousands digit of 1096470265?
7
What is the ten thousands digit of 105792105?
9
What is the millions digit of 52898524?
2
What is the ten thousands digit of 154586184?
8
What is the tens digit of 285415173?
7
What is the millions digit of 2731916371?
1
What is the ten millions digit of 370245769?
7
What is the thousands digit of 36173758?
3
What is the hundred millions digit of 2528014348?
5
What is the millions digit of 939552796?
9
What is the hundred millions digit of 1398757978?
3
What is the hundred thousands digit of 6654980?
6
What is the hundreds digit of 691866943?
9
What is the ten thousands digit of 24942574?
4
What is the hundreds digit of 377141295?
2
What is the ten millions digit of 7465858995?
6
What is the ten thousands digit of 10057065?
5
What is the millions digit of 547615693?
7
What is the units digit of 46878959?
9
What is the hundreds digit of 174486306?
3
What is the ten millions digit of 46966336?
4
What is the thousands digit of 3193893284?
3
What is the thousands digit of 195648364?
8
What is the hundred millions digit of 1526392225?
5
What is the millions digit of 7612733?
7
What is the thousands digit of 302958637?
8
What is the hundreds digit of 3139967551?
5
What is the ten millions digit of 1429756532?
2
What is the units digit of 654018468?
8
What is the millions digit of 156411180?
6
What is the ten thousands digit of 20573551?
7
What is the thousands digit of 903944220?
4
What is the millions digit of 591940256?
1
What is the ten thousands digit of 6235671369?
7
What is the thousands digit of 72615457?
5
What is the hundred thousands digit of 1005660434?
6
What is the ten thousands digit of 407469799?
6
What is the millions digit of 430931225?
0
What is the hundreds digit of 849495767?
7
What is the units digit of 1309167958?
8
What is the thousands digit of 225227302?
7
What is the ten thousands digit of 2309130544?
3
What is the units digit of 2222885807?
7
What is the tens digit of 251390172?
7
What is the thousands digit of 208489792?
9
What is the hundred millions digit of 5818796079?
8
What is the millions digit of 703334053?
3
What is the thousands digit of 2981817379?
7
What is the units digit of 16676809?
9
What is the units digit of 686527237?
7
What is the hundred thousands digit of 5933566930?
5
What is the tens digit of 697460491?
9
What is the ten millions digit of 898942354?
9
What is the hundred thousands digit of 4554900313?
9
What is the hundred thousands digit of 3040547?
0
What is the hundred millions digit of 536791068?
5
What is the tens digit of 481297541?
4
What is the millions digit of 21624448?
1
What is the ten millions digit of 165272541?
6
What is the tens digit of 24129225?
2
What is the ten thousands digit of 64727751?
2
What is the ten millions digit of 2509665108?
0
What is the ten millions digit of 2317324663?
1
What is the units digit of 556406505?
5
What is the hundreds digit of 50330884?
8
What is the hundred millions digit of 228084536?
2
What is the hundreds digit of 165891500?
5
What is the hundreds digit of 26205797?
7
What is the hundred thousands digit of 152811648?
8
What is the units digit of 223590224?
4
What is the hundreds digit of 41393832?
8
What is the thousands digit of 42922200?
2
What is the thousands digit of 47385322?
5
What is the units digit of 309787871?
1
What is the ten thousands digit of 13539815?
3
What is the thousands digit of 154037829?
7
What is the ten thousands digit of 44245697?
4
What is the hundreds digit of 19809887?
8
What is the units digit of 785116219?
9
What is the hundreds digit of 324017816?
8
What is the millions digit of 946683600?
6
What is the hundreds digit of 71992596?
5
What is the ten millions digit of 103819817?
0
What is the billions digit of 3262485419?
3
What is the tens digit of 952927780?
8
What is the hundred thousands digit of 503984938?
9
What is the tens digit of 1134587963?
6
What is the ten thousands digit of 133927003?
2
What is the millions digit of 53195934?
3
What is the hundred thousands digit of 806855528?
8
What is the hundreds digit of 5689416499?
4
What is the units digit of 180203217?
7
What is the tens digit of 172452134?
3
What is the hundreds digit of 4856279493?
4
What is the ten millions digit of 140803000?
4
What is the tens digit of 413738366?
6
What is the units digit of 1134121875?
5
What is the ten thousands digit of 135145015?
4
What is the ten thousands digit of 17124779?
2
What is the tens digit of 90407139?
3
What is the hundreds digit of 1154400304?
3
What is the tens digit of 100636615?
1
What is the tens digit of 2142907?
0
What is the ten millions digit of 125491722?
2
What is the ten millions digit of 1862336190?
6
What is the millions digit of 39491789?
9
What is the hundred millions digit of 205128830?
2
What is the hundred thousands digit of 741267045?
2
What is the tens digit of 4557652941?
4
What is the ten millions digit of 17218491?
1
What is the thousands digit of 542130915?
0
What is the thousands digit of 2350738785?
8
What is the hundred thousands digit of 199358938?
3
What is the ten thousands digit of 1597919707?
1
What is the ten thousands digit of 7648412?
4
What is the hundred thousands digit of 379811043?
8
What is the units digit of 2983130131?
1
What is the hundreds digit of 163075216?
2
What is the hundreds digit of 142892153?
1
What is the ten millions digit of 654727433?
5
What is the millions digit of 125606329?
5
What is the units digit of 12574429?
9
What is the hundreds digit of 62875237?
2
What is the thousands digit of 130684140?
4
What is the hundred thousands digit of 1148991833?
9
What is the hundreds digit of 202133393?
3
What is the ten millions digit of 37884402?
3
What is the hundred thousands digit of 94389956?
3
What is the hundreds digit of 2663365160?
1
What is the millions digit of 61069492?
1
What is the thousands digit of 81936519?
6
What is the units digit of 77630779?
9
What is the hu